erivative of 49*s**4/12 - 5*s**3/2 + 3*s**2 - 10. What is the remainder when w(1) is divided by 35?
13
Let c = 142 + -137. Suppose 8*b = c*r + 3*b - 390, 5*r - 400 = -5*b. Calculate the remainder when 471 is divided by r.
76
Suppose -u - 98 = -4*x, -2*u + 127 = 5*x - u. Suppose -11 = -4*r + x. Calculate the remainder when 51 is divided by r.
6
Let j = 20298 - 20220. What is the remainder when 1704 is divided by j?
66
Let x(o) = o**3 + 6*o**2 + 385*o + 2760. Let y be 17 + (-3 - (-2 + -1)). Suppose -5*u = -13 - y. What is the remainder when x(-7) is divided by u?
4
Calculate the remainder when 464 is divided by (-382)/(-4) - (-27)/18.
76
Suppose -214*b - 312 = -216*b. Suppose -3*f + 180 = 3*a, -23*f + 20*f = -3*a - b. What is the remainder when 131 is divided by f?
19
Suppose 4*d - 378 = -1634. Let z = d - -344. Calculate the remainder when 80 is divided by z.
20
Let t = -12 + 19. Let j be -2 + t - 4 - -3. Suppose -2*w = -0*w + 2*z - 128, j*w = -3*z + 259. Calculate the remainder when w is divided by 35.
32
Let m(z) = -z**3 - 62*z**2 + 68*z + 466. What is the remainder when 300 is divided by m(-63)?
149
Suppose 5*i = 5*o, 2*o - i - 30 = -5*i. Suppose 2*r - 379 = -o*h + 42, -157 = -2*h + 3*r. What is the remainder when h is divided by 14?
13
Let r(d) = -d**3 - 9*d**2 - 9*d - 4. Let p be r(-8). What is the remainder when (5/p - -1)*52 is divided by (-9)/4*336/(-63)?
9
Let o(k) = 10 + k + 3 + 1. What is the remainder when (-33)/33*((-2)/(-6) + (-86)/6) is divided by o(0)?
0
Suppose -133*m + 138*m - 1005 = 0. Let y = -190 + m. Calculate the remainder when 12 is divided by y.
1
Let o = 15590 + -15553. What is the remainder when 21274 is divided by o?
36
Let b(q) = 49*q - 141. Calculate the remainder when 549 is divided by b(4).
54
Suppose -8*y + 6*y + 5*v + 20 = 0, 5*y = -3*v - 12. Suppose j + 3*m - 9 = y, -5*m - 96 = -5*j - 3*m. What is the remainder when 61 is divided by j?
7
Suppose -4*y - 142 - 41 = -x, 3*y - 218 = -x. What is the remainder when x is divided by 77?
49
Let l = -4 + 8. Let r = -626 + 631. Let z(j) = j**3 + 2*j**2 - 29*j + 12. Calculate the remainder when z(r) is divided by l.
2
What is the remainder when 3 + -1 + 0/1 + 110 is divided by 29?
25
Let z(f) = -f + 519. What is the remainder when z(-4) is divided by 56?
19
Suppose -3*h + 2*h = -63. Calculate the remainder when 25*8 + (-25 - -12) is divided by h.
61
Suppose 6*k - 11*k = -15. Suppose 2*t - 12 = z + 5*t, -k*t = 15. What is the remainder when z is divided by ((-8)/6)/((-76)/171)?
0
Suppose -513 = -10*d + 1627. Suppose -2*r = 2, 13 - 119 = -3*q - 2*r. What is the remainder when d is divided by q?
34
Suppose -117*q + 5966 + 4654 = 119*q. What is the remainder when 344 is divided by q?
29
Suppose 3*c = -39 - 3. Let o = c - -48. Suppose 6*y - o = 8. What is the remainder when 18 is divided by y?
4
Suppose 25*w = 16*w + 2745. Calculate the remainder when 917 is divided by w.
2
Suppose -5*w + 3169 = -61. Calculate the remainder when w is divided by 31.
26
Suppose -10*f + 6*f - 24 = 0. Let y(s) = -6*s + s**3 - 11*s + 16*s + 6*s**2. What is the remainder when 16 is divided by y(f)?
4
Let g = -257 + 261. Suppose -106 = -2*b - 24. Calculate the remainder when 10 + (-2275)/(-15) - g/6 is divided by b.
38
Calculate the remainder when -13210*(5/((-200)/(-276)) + -34 + 27) is divided by 42.
19
Let y be (-24149)/(-123) - 8/6. Let g = y + -143. What is the remainder when 120 is divided by g?
16
Let h = 39 + -15. Suppose 23*u = h*u - 10. Calculate the remainder when 137 is divided by u.
7
Let j(m) = -2*m**2 - 4*m + 1. Let b be j(-3). Let g be (b/(-15))/(3/45). Calculate the remainder when 6 is divided by (g/15)/(1/3).
0
Suppose o + 2*o = -27. Let k = -2 - o. Calculate the remainder when 165 is divided by 92/(-28) + 3 + 296/k.
39
Suppose -148 = 2*n + 5*s - 418, -3*n + 2*s = -424. What is the remainder when 424 is divided by n?
4
Suppose -20 = 4*p - 5*b, -23*p + 3*b = -26*p + 12. Suppose 5*h - 2*s - 45 = 0, p = 12*h - 14*h + s + 17. What is the remainder when 29 is divided by h?
7
Suppose 7*c = -2*c - 2394. Let k = 276 + c. What is the remainder when 49 is divided by k?
9
Let s = 109 + -78. Suppose -15*u - 5*n + 71 = -12*u, -2*u = n - 52. Suppose u*z = s*z - 52. Calculate the remainder when z is divided by 6.
1
Let r(l) = l**3 - 6*l**2 - 16*l + 15. Let j be r(8). Suppose -j*f + 18*f - 2*k - 65 = 0, 2*f = -4*k + 22. Calculate the remainder when f is divided by 13.
6
Let y(n) = 2*n - 37. Let v be y(13). Let a(x) = -x**2 - 11*x + 6. Calculate the remainder when 8 is divided by a(v).
2
Suppose 0*m = 3*m + 5*m. Suppose 5*o - 212 = 4*j, 4*o - 3*j + 2*j - 174 = m. Suppose 0*l - o = -4*l. Calculate the remainder when 64 is divided by l.
9
Suppose -5313 = -10*n + 6967. Calculate the remainder when n is divided by 6.
4
Suppose -90 = -5*a + 25*x - 28*x, a - x - 18 = 0. Calculate the remainder when 411 is divided by a.
15
Calculate the remainder when (-3850)/(-30) + 92/(-69) is divided by 4.
3
Let x(k) = 38*k + 33. Let q(i) = -37*i - 34. Let b(h) = -6*q(h) - 7*x(h). What is the remainder when b(-4) is divided by 30?
29
Suppose 3*j = 3*d + 9, -3*d - 2*j = -18 + 2. Let c(t) = t**d + 12*t**3 + 0*t**2 - 7*t**3 + 12*t**3 + 2*t. Calculate the remainder when c(2) is divided by 29.
28
Suppose -4*v = -3*n + 145, -39*n = -37*n + 5*v - 89. Calculate the remainder when 3569 is divided by n.
44
Suppose -2*m = -t + 9, 2*m + 2*m + 3*t = -33. Calculate the remainder when (-1554)/(-42) + 1 + m is divided by 9.
5
Let b = 14549 - 14492. Calculate the remainder when 205 is divided by b.
34
What is the remainder when 1357 is divided by (4 - 279/6)*(6/3 - 6)?
167
Let p be 4*6 + (3 - (-30)/(-6)). Suppose -2*c - p*r + 24*r = -12, 2*c = -4*r + 12. What is the remainder when 117 is divided by c?
3
Let z(v) = -126*v - 561. Calculate the remainder when z(-33) is divided by 4.
1
Suppose 0 = -8*c + 90 + 102. Suppose 0 = 16*w - c*w + 152. Suppose -3*h - 2*h = -185. What is the remainder when h is divided by w?
18
Suppose -3*r = 15, -c - 9*r + 10006 = -4*r. Calculate the remainder when c is divided by 29.
26
Let u be (-6)/4*(-134)/3. Suppose 4*b = y - 0*b + 56, 2*b = -5*y - 170. Let n = y + u. Calculate the remainder when 153 is divided by n.
29
Suppose 0 = -3*z + 550 + 3695. Suppose 4*l - z = 3*h, 3*h - 1762 = 2*l - 7*l. Calculate the remainder when l is divided by 60.
53
Let i = -35 - -38. Suppose i*a - 24 = -0*n - n, -2*a = -5*n - 16. Calculate the remainder when 33*(19 + -18 - a/(-6)) is divided by 41.
36
Let s(f) = 531*f**3 - f**2 + 3*f - 1. Calculate the remainder when s(1) is divided by 8.
4
Let p be 6*-1*(4 - 5). Let d = -104 + 252. What is the remainder when d is divided by (p/(-4))/(6/(-152))?
34
Suppose -5*d = 4*h - 111 + 6, -h = 0. Suppose 8*w = d*w + 624. What is the remainder when ((-54)/w)/((-6)/(-8))*76 is divided by 29?
27
Suppose -113*l + 8562 + 1721 = 0. What is the remainder when 388 is divided by l?
24
Suppose 132*g - 151*g = -37696. Calculate the remainder when g is divided by 646.
46
Let d = 25 + 8. Suppose -s = -2*x - 18, -d - 33 = -5*s + 2*x. Calculate the remainder when s is divided by 10.
2
Let x be ((-2679)/(-57))/((-2)/20). Let d = -430 - x. What is the remainder when d is divided by (-360)/(-25) + (-2)/5?
12
Let t = 29 + -32. Let s be (-4 - (-558)/t)*-2. What is the remainder when (-1)/(-4) - s/(-16) is divided by 9?
6
Suppose -80 = -15*q + 11*q. Suppose 24 = 21*k - q*k. What is the remainder when (-1131)/(-12) - 2/8 is divided by k?
22
Suppose 40*z - 35*z = 4165. Calculate the remainder when z is divided by 63.
14
Let m = 119 - 114. Suppose 1312 = -m*s + 1897. What is the remainder when s is divided by 61?
56
Calculate the remainder when ((-123780)/10)/(-6) - -7 is divided by 8.
6
Suppose 2*d + 190 = 7*d. Suppose 33*q - 230 = 43*q. Let k(p) = 3*p + 144. What is the remainder when k(q) is divided by d?
37
Calculate the remainder when -3 - ((1 - (-8)/8) + -585) is divided by 71.
12
Let f = 62 - -40. Let q(t) = t**2 + 769*t + 4604. Calculate the remainder when f is divided by q(-6).
24
Let h(y) = -y**3 + 11*y**2 + 10*y + 9. Let o be h(13). Let j = 320 + o. Calculate the remainder when j is divided by 31.
28
Suppose 31 + 49 = -2*o. Let d = o + 41. Calculate the remainder when 60 is divided by ((-48)/(-3))